by 6424?
11
What is the remainder when 1040464 is divided by 17?
13
Calculate the remainder when 891 is divided by 15.
6
Calculate the remainder when 342123 is divided by 229.
226
What is the remainder when 21872 is divided by 175?
172
Calculate the remainder when 378706 is divided by 1942.
16
Calculate the remainder when 625254 is divided by 204.
198
Calculate the remainder when 1166608 is divided by 43.
18
Calculate the remainder when 24281 is divided by 1358.
1195
Calculate the remainder when 31724 is divided by 906.
14
Calculate the remainder when 10057 is divided by 50.
7
What is the remainder when 26797 is divided by 539?
386
Calculate the remainder when 333061 is divided by 3742.
23
Calculate the remainder when 713087 is divided by 26.
11
Calculate the remainder when 16314 is divided by 7.
4
What is the remainder when 805884 is divided by 32?
28
What is the remainder when 744 is divided by 296?
152
What is the remainder when 45593 is divided by 4521?
383
Calculate the remainder when 19355 is divided by 6449.
8
What is the remainder when 50331 is divided by 883?
0
Calculate the remainder when 12633 is divided by 149.
117
Calculate the remainder when 93555 is divided by 93.
90
Calculate the remainder when 2375 is divided by 833.
709
What is the remainder when 137045 is divided by 16?
5
Calculate the remainder when 6465 is divided by 114.
81
Calculate the remainder when 48025 is divided by 8003.
7
What is the remainder when 65338 is divided by 543?
178
What is the remainder when 105748 is divided by 7048?
28
What is the remainder when 1949 is divided by 742?
465
Calculate the remainder when 16328 is divided by 6.
2
What is the remainder when 94159 is divided by 158?
149
Calculate the remainder when 28985 is divided by 7228.
73
Calculate the remainder when 62144 is divided by 23.
21
What is the remainder when 39855 is divided by 32?
15
What is the remainder when 257 is divided by 174?
83
What is the remainder when 76235 is divided by 85?
75
What is the remainder when 5592 is divided by 1517?
1041
Calculate the remainder when 10827 is divided by 491.
25
Calculate the remainder when 105342 is divided by 23.
2
What is the remainder when 3278 is divided by 1550?
178
Calculate the remainder when 7897 is divided by 5.
2
Calculate the remainder when 17211 is divided by 8.
3
What is the remainder when 337341 is divided by 265?
261
What is the remainder when 3953 is divided by 292?
157
Calculate the remainder when 57452 is divided by 14.
10
What is the remainder when 3780 is divided by 9?
0
Calculate the remainder when 1371365 is divided by 1001.
996
What is the remainder when 27439 is divided by 13706?
27
What is the remainder when 41533 is divided by 335?
328
Calculate the remainder when 6392703 is divided by 11.
9
What is the remainder when 6040 is divided by 18?
10
What is the remainder when 38966 is divided by 4841?
238
What is the remainder when 1780 is divided by 577?
49
What is the remainder when 112391 is divided by 56184?
23
What is the remainder when 770972 is divided by 25?
22
Calculate the remainder when 28721 is divided by 1301.
99
Calculate the remainder when 107028 is divided by 17837.
6
What is the remainder when 175179 is divided by 17?
11
Calculate the remainder when 1471314 is divided by 44.
42
What is the remainder when 5734 is divided by 570?
34
What is the remainder when 645099 is divided by 325?
299
Calculate the remainder when 97007 is divided by 304.
31
Calculate the remainder when 139100 is divided by 314.
312
What is the remainder when 4500128 is divided by 1092?
1088
Calculate the remainder when 139613 is divided by 8212.
9
What is the remainder when 541119 is divided by 23?
21
Calculate the remainder when 890 is divided by 533.
357
What is the remainder when 128811 is divided by 64405?
1
Calculate the remainder when 999904 is divided by 4.
0
Calculate the remainder when 12850 is divided by 299.
292
Calculate the remainder when 477336 is divided by 116.
112
Calculate the remainder when 5950 is divided by 535.
65
What is the remainder when 3795 is divided by 3619?
176
Calculate the remainder when 128162 is divided by 17.
16
What is the remainder when 2352 is divided by 146?
16
What is the remainder when 2310430 is divided by 1312?
1310
What is the remainder when 77043 is divided by 77011?
32
What is the remainder when 132346 is divided by 49?
46
What is the remainder when 5299 is divided by 20?
19
What is the remainder when 422304 is divided by 1696?
0
Calculate the remainder when 4840 is divided by 738.
412
Calculate the remainder when 5290 is divided by 231.
208
Calculate the remainder when 90902 is divided by 15.
2
What is the remainder when 55143 is divided by 113?
112
Calculate the remainder when 166544 is divided by 33.
26
What is the remainder when 15044 is divided by 94?
4
Calculate the remainder when 275530 is divided by 136.
130
What is the remainder when 39625 is divided by 15?
10
Calculate the remainder when 401 is divided by 39.
11
Calculate the remainder when 1170737 is divided by 18.
17
Calculate the remainder when 596087 is divided by 6.
5
What is the remainder when 373 is divided by 50?
23
What is the remainder when 11636 is divided by 314?
18
What is the remainder when 20830 is divided by 124?
122
Calculate the remainder when 3420 is divided by 342.
0
What is the remainder when 5803 is divided by 1862?
217
What is the remainder when 1098 is divided by 328?
114
Calculate the remainder when 7247 is divided by 448.
79
What is the remainder when 31977 is divided by 1069?
976
What is the remainder when 193405 is divided by 967?
5
Calculate the remainder when 4834 is divided by 366.
76
What is the remainder when 238746 is divided by 1624?
18
Calculate the remainder when 199759 is divided by 441.
427
What is the remainder when 25475 is divided by 8?
3
What is the remainder when 6547 is divided by 470?
437
What is the remainder when 2819 is divided by 64?
3
What is the remainder when 6371 is divided by 17?
13
What is the remainder when 570 is divided by 46?
18
What is the remainder when 384354 is divided by 148?
146
What is the remainder when 78607 is divided by 26197?
16
Calculate the remainder when 22972 is divided by 31.
1
What is the remainder when 152925 is divided by 57?
51
What is the remainder when 8987 is divided by 1492?
35
What is the remainder when 3073499 is divided by 25?
24
What is the remainder when 192625 is divided by 716?
21
What is the remainder when 2075 is divided by 479?
159
What is the remainder when 2640 is divided by 449?
395
Calculate the remainder when 18300 is divided by 92.
84
What is the remainder when 2190 is divided by 364?
6
Calculate the remainder when 8158 is divided by 2038.
6
Calculate the remainder when 46009 is divided by 214.
213
What is the remainder when 58949 is divided by 3270?
89
What is the remainder when 157807 is divided by 111?
76
Calculate the remainder when 235325 is divided by 12.
5
Calculate the remainder when 9060 is divided by 4467.
126
Calculate the remainder when 4091639 is divided by 84.
83
What is the remainder when 41108 is divided by 4557?
95
Calculate the remainder when 1715 is divided by 242.
21
Calculate the remainder when 9539 is divided by 1905.
14
What is the remainder when 180249 is divided by 350?
349
What is the remainder when 34099 is divided by 116?
111
What is the remainder when 119792 is divided by 40?
32
Calculate the remainder when 86638 is divided by 43310.
18
What is the remainder when 23394 is divided by 40?
34
Calculate the remainder when 128902 is divided by 25780.
2
What is the remainder when 90352 is divided by 30096?
64
Calculate the remainder when 64809 is divided by 32402.
5
Calculate the remainder when 1986 is divided by 274.
68
What is the remainder when 34493 is divided by 64?
61
Calculate the remainder when 457 is divided by 150.
7
Calculate the remainder when 43024 is divided by 22.
14
Calculate the remainder when 44868 is divided by 4482.
48
What is the remainder when 714 is divided by 589?
125
What is the remainder when 64883 is divided by 1297?
33
What is the remainder when 788996 is divided by 262993?
17
Calculate the remainder when 232777 is divided by 12.
1
What is the remainder when 8718 is divided by 4358?
2
